). Suppose 3*w - x = 32 - 10, w = -4*x + s. Let o = w + -2. What are the prime factors of o?
7
Suppose -3*h = y - 53, -4*y + y + 31 = h. Let r = h + -5. List the prime factors of r.
11
Let h be 12/(-30)*35*1. What are the prime factors of (12/h)/((-1)/7)?
2, 3
Suppose 0 = 2*c + 8. List the prime factors of (1 + 1*-2)*c.
2
Suppose 0*q = 4*q + 20. Let j(x) = -x**3 - 5*x**2 + 4. Let b be j(q). Suppose -u = -b - 7. List the prime factors of u.
11
Suppose 4*o - 127 - 20 = 5*v, -3*v + 90 = 3*o. List the prime factors of o.
3, 11
What are the prime factors of 1/(3/(-1665)*-3)*1?
5, 37
Suppose -13 = 2*q + 3*v, 5*q + v = 3*q - 3. Suppose -9 = -k + q. What are the prime factors of k?
2, 5
Let p(c) = -1 + 7*c + 1 + 2*c**2 + 0. Let t be p(-5). Suppose x = 6*x - t. What are the prime factors of x?
3
Let n(d) = -d**3 + 5*d**2 + d + 6. Suppose 0 = -4*m + 20, -12 = -5*y - 4*m + 28. Suppose y*x - x + f = 15, -5*x = 2*f - 25. What are the prime factors of n(x)?
11
Let a(q) = q + 6. Let h be a(-5). Let z(y) = 8*y + 4. Let j(n) = -n**2 + n + 1. Let m(t) = h*z(t) - 2*j(t). List the prime factors of m(-4).
2, 5
Suppose 0*j = 3*o + j - 16, 9 = 2*o - j. Let c = 33 + -30. Suppose -46 = -c*r + o. What are the prime factors of r?
17
Let v(s) = s**3 + 7*s**2 + 8*s + 7. What are the prime factors of v(-5)?
17
Suppose -2*x = -f - 38 - 50, -4*f = x - 53. What are the prime factors of x?
3, 5
List the prime factors of 59 + 2/1 + (-2 - -3).
2, 31
Suppose -48 = -5*b - b. What are the prime factors of b?
2
Let c = 14 + 15. What are the prime factors of c?
29
Let c(k) = k**3 + 8*k**2 - 4*k - 11. What are the prime factors of c(-8)?
3, 7
Suppose -l = -3*l + 6. List the prime factors of 28 + 0/(-2) - l.
5
Let m(z) = 137*z - 1. List the prime factors of m(1).
2, 17
Suppose 4*z = -3*f + 62, -f - z + 24 - 4 = 0. Suppose 0 = y - 5*s - 15, -2*s + 0*s - f = 2*y. Let g = y - -15. What are the prime factors of g?
2, 5
Let k(j) = -21*j - 4. What are the prime factors of k(-2)?
2, 19
Let k(i) = i**3 + 10*i**2 + 9*i - 11. Let d be k(-9). Let z(g) = g**2 + 11*g + 3. What are the prime factors of z(d)?
3
Suppose 0 = -21*r + 7510 - 1882. List the prime factors of r.
2, 67
Suppose 475 = 3*i - 245. What are the prime factors of i?
2, 3, 5
Suppose -3*n + 2*n + 4 = 0. Suppose -n = -2*a + 2. Let t = a - -8. What are the prime factors of t?
11
Let i(n) = -n**2 - 2 + 3 + 5*n + 7 - 2. Let q be i(5). Let s(y) = y - 2. List the prime factors of s(q).
2
Suppose -152 = -65*f + 61*f. What are the prime factors of f?
2, 19
Let y(i) = -4*i + 4. Let q(c) = -1. Let p(g) = 6*q(g) + 2*y(g). List the prime factors of p(-3).
2, 13
Suppose 5*a - 2*o - 105 = -3*o, 0 = 2*a + 4*o - 42. Let n = a - 15. List the prime factors of n.
2, 3
Let o(l) = l**3 + l**2 - l - 1. Suppose -1 = -n + 1. What are the prime factors of o(n)?
3
Let v be 138/8 + (-2)/8. Let j = v + 12. Let f = j + -14. List the prime factors of f.
3, 5
Let o = -69 - -103. What are the prime factors of o?
2, 17
Let o(d) = d**3 + d. Let l(i) = -3*i**3 - 8*i**2 - 2*i - 3. Let u(g) = -l(g) - 2*o(g). List the prime factors of u(-8).
3
Suppose -o = -5*o + 8. Suppose -x + o + 1 = 0, 5*x + 140 = 5*l. List the prime factors of l.
31
Suppose -15 - 9 = -2*j. List the prime factors of j.
2, 3
Suppose y + 0 = -3. Suppose 4*o - 24 = -0*o. Let i = o + y. What are the prime factors of i?
3
Let b be 10/2 + (-3 - 0). Suppose b*j + 10 = -14. Let x = -9 - j. What are the prime factors of x?
3
Suppose 2770 - 523 = 7*d. What are the prime factors of d?
3, 107
Suppose 0 = -3*j - j + 2*q - 6, 4*j - 4*q + 12 = 0. Let z = j - 0. Suppose 5*s + 3 = d, z = 3*d + d + 4*s - 36. What are the prime factors of d?
2
Let v = 343 + -211. List the prime factors of v.
2, 3, 11
List the prime factors of 1/(-1) + (2 - -65).
2, 3, 11
Let b(p) = -p. Let a be b(-6). Suppose 2*t - t - 44 = 0. Suppose -2*x + a*x = t. List the prime factors of x.
11
Let z = 84 - 58. What are the prime factors of z?
2, 13
Suppose -3*x + 98 + 7 = 0. Suppose -2*f = -n - 3*f + 10, 4*n = f + x. List the prime factors of n.
3
Let a = -63 + 97. List the prime factors of a.
2, 17
List the prime factors of (-4 - (5 - 11)) + 238.
2, 3, 5
Let f = -3 + 8. Suppose -f*d + 34 = 3*p, 4*p - 25 = 5*d + 32. List the prime factors of p.
13
Suppose 9*j - 235 = 4*j. Let c = j - 0. What are the prime factors of c?
47
What are the prime factors of (-6)/10 - (-1704)/40?
2, 3, 7
Suppose 4*f = 27 + 37. Suppose 2*t = 7*t. Suppose m - 3*v = 0, t*m = -m - 5*v + f. What are the prime factors of m?
2, 3
What are the prime factors of 6/(-27) - 317/(-9)?
5, 7
Suppose -3*p + 4*b = -45, -p + 10 + 5 = 5*b. Suppose -6*y = 5*r - 4*y - p, -2*y = 4*r - 12. Suppose -t = r*t - 60. What are the prime factors of t?
3, 5
Let k = -81 - -155. List the prime factors of k.
2, 37
Let x = 14 + -10. Suppose -3*q = -x*q + 15. What are the prime factors of q?
3, 5
Let m(t) = 2*t. Suppose h - 2*c = 6, 0*h + h - 2 = -2*c. Suppose -4*u - 10 = -2, -3*p + h*u = -17. What are the prime factors of m(p)?
2, 3
Let b be 4/10 - 34/10. List the prime factors of ((-20)/(-6))/((-1)/b).
2, 5
Suppose -4*h + 7*h = 4*n + 5, 2*h + n - 7 = 0. Suppose -d - 4 = h. Let c(g) = g + 11. List the prime factors of c(d).
2
Suppose 38 = 3*r - 4*t, 3*t + 21 = 3*r - 2*r. List the prime factors of r.
2, 3
Let f = -14 - -17. What are the prime factors of f - 6*4/(-2)?
3, 5
Let g(q) = q**2 + 16*q**3 + 2*q**3 + 6*q**3. List the prime factors of g(1).
5
Let i(j) = -29*j + 13. What are the prime factors of i(-8)?
5, 7
Let f be ((-8)/3)/((-2)/3). Suppose -3*x + 3*n = -21, -f = 4*x + 5*n - 14. Suppose -5*y - 25 = -5*r, -x*y - 2 = -2*r + 17. List the prime factors of r.
2
Suppose 0 = -3*a + 33 + 48. Suppose 5*m + 5*p = 4*p + 45, 3*m + 2*p - a = 0. Suppose -j + m = 4*f, j - 5*f = -3*f + 27. List the prime factors of j.
3, 7
Let a = 0 - -3. Suppose -14 = -a*h + 4. Let m(c) = c**3 - 5*c**2 - 4*c - 3. List the prime factors of m(h).
3
Suppose 0 = -4*x - 2*d + 404, 30 + 57 = x - 3*d. List the prime factors of x.
3, 11
What are the prime factors of (0 + 46)/((-88)/(-20) + -4)?
5, 23
Suppose -2*q = 5*a - 20, -23 - 5 = -2*q - 3*a. List the prime factors of q.
2, 5
Suppose -31 + 10 = -3*o. Suppose 2*a + m = -4*m + 9, -m = -4*a + o. Suppose 52 = a*p + 2*p. What are the prime factors of p?
13
Let v = 10 + 3. Let j = 20 - v. List the prime factors of j.
7
Let a = -11 - -25. List the prime factors of 72/7 + (-4)/a.
2, 5
Suppose 3*n = -n + 8, 3*r - 41 = 2*n. Suppose -3*k = -4*k + r. Suppose -27 = -3*y - 5*w + 10, -w - k = -5*y. What are the prime factors of y?
2
Let j(k) = k**3 - 7*k**2 - 7*k + 2. Let z be j(8). Suppose 0*i - z = -2*i. Suppose 5*u = -i*m + 30, 3*u - 2*m = 29 - 1. List the prime factors of u.
2
What are the prime factors of 59 + (-2)/(1 + -3)?
2, 3, 5
Let v(g) = g + g**3 + 4*g + 3*g**2 - 3*g + 2*g**2. What are the prime factors of v(-3)?
2, 3
Suppose -4*k = 7*x - 4*x - 448, x - 132 = 3*k. What are the prime factors of x?
2, 3
Suppose -116 = -3*x - 23. List the prime factors of x.
31
List the prime factors of 286 + ((-3)/2)/(10/(-20)).
17
Let r be (-20)/12 + 1/(-3). Let i(o) = -o**2 - o + 2. Let k be i(r). Suppose k = -7*j + 2*j - x + 36, -5*j - 3*x = -38. List the prime factors of j.
7
Suppose 3*z + 15 = 3. Let i be (-2)/z - 6/(-12). Suppose 4*y + i - 97 = 0. What are the prime factors of y?
2, 3
Let s = 3 + -2. Let y be (0 + 12)*s/3. What are the prime factors of (-162)/(-21) + y/14?
2
Suppose 39 = -c - 2. Let j = c - -74. Suppose 15 = 4*t - j. What are the prime factors of t?
2, 3
Suppose -5*y = 5*z - 245, -29 = -y + z + 14. What are the prime factors of y?
2, 23
Let o(u) = u**2 - 6*u - 2. Let w be o(7). Suppose 5*s = -2*f + 18, -2*s - w*f = -12 - 12. Let i(t) = t**2 + t - 2. What are the prime factors of i(s)?
2
Let j = 15 - 13. Suppose -c + 7 = 3*u, 3*c = -j*c - 4*u + 79. List the prime factors of c.
19
Suppose 2*q - 3*q = -2. Suppose -2*g - 14 = -2*w - 0*g, -g = -q*w + 11. Suppose 3*y = -w*j + 24, -5*j + y + 3 = -2*y. List the prime factors of j.
3
Let w = 2 - -3. Let i(l) be the third derivative of -l**5/60 + l**4/4 + 5*l**3/6 + l**2. What are the prime factors of i(w)?
2, 5
Let d = 68 - 38. Suppose a + d = 4*a. List the prime factors of a.
2, 5
Suppose 5*a = 11 + 4. Let d(c) be the third derivative o